- 114213?
-22140012
In base 7, what is 1354121 + -105?
1354013
In base 13, what is -9 - 1865a51?
-1865a5a
In base 8, what is 4 + -43756410?
-43756404
In base 14, what is 36902 + -28aa?
34036
In base 11, what is 3a5619 + -118?
3a5501
In base 3, what is -112112101120210 + -1?
-112112101120211
In base 14, what is 36aa - 808?
2ca2
In base 16, what is -3d9 - b5a?
-f33
In base 16, what is 1 + -2548f5f?
-2548f5e
In base 6, what is 12 + -210544115?
-210544103
In base 10, what is -8 - 1721755?
-1721763
In base 16, what is f + 1f777?
1f786
In base 9, what is -2647 + 2266?
-371
In base 2, what is 1110011100010111100 + -10001?
1110011100010101011
In base 4, what is -2 + -2302223130022?
-2302223130030
In base 11, what is 1a + 4360105?
4360124
In base 3, what is 20222101212001022 - 1?
20222101212001021
In base 2, what is 101010001101001110000110 + -10?
101010001101001110000100
In base 15, what is 6 + 84aa98?
84aa9e
In base 14, what is d47 - -24add?
25a46
In base 8, what is -64155 - 45?
-64222
In base 7, what is 4601136 - -2?
4601141
In base 9, what is 82040681 - 5?
82040675
In base 13, what is -35662 + -1022?
-36684
In base 15, what is 49d42 + -4?
49d3d
In base 4, what is 2321011 + 20?
2321031
In base 16, what is 334bf + 29?
334e8
In base 15, what is -5 - -982e1d?
982e18
In base 9, what is -55510 + 3081?
-52418
In base 15, what is -1b74 - -119?
-1a5a
In base 6, what is -5 + 53215222?
53215213
In base 6, what is 5335 + 15514?
25253
In base 5, what is 110 - 21333313230?
-21333313120
In base 9, what is -2 + -32480?
-32482
In base 7, what is 43 + -414222602?
-414222526
In base 7, what is -6005 + 3253?
-2422
In base 3, what is -11220 - 1111001?
-1122221
In base 9, what is -34 - 3234332?
-3234366
In base 14, what is bca04 - -116?
bcb1a
In base 7, what is -4355 - 3253?
-10641
In base 10, what is -17 + -5955989?
-5956006
In base 4, what is -12 - 1013002?
-1013020
In base 6, what is 501344134 + -3?
501344131
In base 15, what is 3c - 3ce87e?
-3ce842
In base 6, what is 24405353 - 3231?
24402122
In base 10, what is 1143 + 23286?
24429
In base 10, what is -7 + -33829172?
-33829179
In base 10, what is -1062 - 4122?
-5184
In base 2, what is 11001000000101 - -1111110?
11001010000011
In base 9, what is 28 - 1164455?
-1164426
In base 15, what is -886 - 15ea?
-1e81
In base 6, what is -1305153245 + 1?
-1305153244
In base 6, what is -2 + 20221242?
20221240
In base 7, what is -43350153 - 36?
-43350222
In base 14, what is -3 + -228425?
-228428
In base 6, what is -50542153 - 32?
-50542225
In base 15, what is 302a + 1d7?
3212
In base 7, what is -6032 - 544353?
-553415
In base 10, what is 17953 - 566?
17387
In base 16, what is da585 + 2?
da587
In base 2, what is -11111010000111110100 + 11010110?
-11111010000100011110
In base 14, what is 6a - 2204a6?
-22043a
In base 14, what is 8c4d3 - 4a7?
8c02a
In base 6, what is -503544 + 445?
-503055
In base 6, what is 5 + -1104542530?
-1104542521
In base 10, what is 2 - -1088166?
1088168
In base 2, what is 1011011110 - 10101110001100100010?
-10101110000001000100
In base 13, what is 1 - -362979c?
36297a0
In base 11, what is 7 - 169163?
-169157
In base 7, what is 6 - -114363026?
114363035
In base 7, what is -2662163 - -33?
-2662130
In base 9, what is 621711564 - 5?
621711558
In base 14, what is -b6152 + 4b?
-b6105
In base 16, what is 7155 + -1d5?
6f80
In base 12, what is -12 + 252288?
252276
In base 4, what is -1222220010 + 11211?
-1222202133
In base 15, what is -547de - -18?
-547c6
In base 9, what is 16435 + -14605?
1730
In base 13, what is -11a3a - -7a?
-11990
In base 16, what is 437ca85 - 5?
437ca80
In base 3, what is 1 - 122202200101011?
-122202200101010
In base 12, what is 11a + -3598a2?
-359784
In base 2, what is 1000101000100110001110001 + -1111?
1000101000100110001100010
In base 12, what is 7 - -178544a?
1785455
In base 12, what is 2 + 783150?
783152
In base 15, what is -4 + -111c710?
-111c714
In base 4, what is 11310330130 + -11?
11310330113
In base 15, what is -493 - -34?
-45e
In base 16, what is -2838266 - -2?
-2838264
In base 11, what is -3 - -90a921a9?
90a921a6
In base 7, what is -110305005 - 101?
-110305106
In base 15, what is 291bc5c + 0?
291bc5c
In base 5, what is -43300334 - -40?
-43300244
In base 4, what is -202113331332 - 3?
-202113332001
In base 5, what is -133103 + 313124?
130021
In base 4, what is -10 - 110010311102?
-110010311112
In base 8, what is -3 - -1374672?
1374667
In base 14, what is 2da2 - -4c221?
511c3
In base 7, what is 2255 - 156?
2066
In base 4, what is -33 + -1020132212?
-1020132311
In base 12, what is -663 - -295a?
22b7
In base 5, what is 31 + 22331?
22412
In base 14, what is 141 + 28bcd5?
28c036
In base 12, what is 8b + 4b4132?
4b4201
In base 11, what is 4136 - 6a2?
3544
In base 3, what is -12100 + 10001021211110?
10001021122010
In base 16, what is b04c1 - -2?
b04c3
In base 7, what is 31003333 - -120?
31003453
In base 14, what is -c4b - ab79?
-b9c6
In base 16, what is -e7f2 - 63b?
-ee2d
In base 9, what is 150 - 377121?
-376861
In base 9, what is -15 - -5135267?
5135252
In base 6, what is -12401412104 - 1?
-12401412105
In base 16, what is 6 - 6cb69?
-6cb63
In base 5, what is 132 - 114233442?
-114233310
In base 16, what is b - -b3582?
b358d
In base 6, what is 2 - 12301522141?
-12301522135
In base 2, what is 100010100000011100110011110 + -111?
100010100000011100110010111
In base 8, what is 145643672 - -3?
145643675
In base 10, what is 17917 - 29287?
-11370
In base 9, what is 338451 - -214?
338665
In base 6, what is -1 - 2544222024?
-2544222025
In base 8, what is 3 - 160577754?
-160577751
In base 3, what is -20202020002101212 - 11?
-20202020002102000
In base 10, what is 2026 - -646?
2672
In base 2, what is -1111100010110100 - 100011011?
-1111100111001111
In base 15, what is b660a - 46c?
b618d
In base 3, what is 1020111 + -20022110020?
-20021012202
In base 15, what is -15eb8 - -1b?
-15e9c
In base 4, what is 21 + -30030222323?
-30030222302
In base 12, what is 405647 + -8?
40563b
In base 3, what is 12 + -12022110201211?
-12022110201122
In base 6, what is -31524350154 + -3?
-31524350201
In base 11, what is 579a + -1750?
404a
In base 12, what is -a6a379 + 0?
-a6a379
In base 6, what is 134331 + -40324?
54003
In base 11, what is -37848631 + 4?
-37848628
In base 16, what is -160bd0 - 4?
-160bd4
In base 6, what is 20 - 12433435151?
-12433435131
In base 15, what is -27 - -15eeac?
15ee85
In base 7, what is -6 - 110611001?
-110611010
In base 11, what is -8686034 - 0?
-8686034
In base 3, what is -1110212122020220 - 100?
-1110212122021020
In base 9, what is 6 - 8637702?
-8637685
In base 6, what is 0 - 53250250335?
-53250250335
In base 14, what is 25 - -13833d?
138364
In base 7, what is -50010 - -30203?
-16504
In base 11, what is 113 - -3531371?
3531484
In base 12, what is -37 - -69205b?
692024
In base 14, what is 1d3cd6 + -15?
1d3cc1
In base 4, what is -11011 + -122321030?
-122332101
In base 8, what is 207 - -42052?
42261
In base 5, what is 34210013 - 404?
34204104
In base 2, what is 1100111110110111111011011010 + -11?
1100111110110111111011010111
In base 13, what is 3 + 13692a?
136930
In base 11, what is 107 + 627997?
627aa3
In base 14, what is 1b8254 + 28d?
1b8503
In base 4, what is 120022003333 - 31?
120022003302
In base 7, what is -123 - 13126654?
-13130110
In base 3, what is -200 - 102201011110202?
-102201011111102
In base 11, what is 87129281 + 2?
87129283
In base 5, what is 10143 - -200112?
210310
In base 6, what is 1532 + 34442434?
34444410
In base 10, what is -1 - -7339712?
7339711
In base 10, what is 135501 + 13?
135514
In base 11, what is 19 + 256534?
256552
In base 14, what is -3c - -448da20?
448d9c2
In base 5, what is 2344003 - 3232?
2340221
In base 4, what is -10 + -12103012331?
-12103013001
In base 16, what is -4b2 + 4e3?
31
In base 4, what is -11021 + -101123022?
-101200103
In base 11, what is -1 - -384853a9?
384853a8
In base 13, what is 631a93 - 7?
631a89
In base 11, what is -3 - -a23676?
a23673
In base 2, what is 1000100000100101 - -101100010?
1000100110000111
In base 7, what is 3100643661 - 3?
3100643655
In base 11, what is 10 + 2087a8a?
2087a9a
In base 14, what is 36 - -224625?
22465b
In base 5, what is -332410022243 - -10?
-332410022233
In base 2, what is -11 + -110000110000101010001011?
-1100001100001